nd 88?
44
Let l be 360 + (1 - 5) - (2 + 3). Suppose -8*v = 4*g - 12*v - 124, -g = -5*v - 51. What is the greatest common divisor of g and l?
13
Let c = -1016 + 10521. Calculate the highest common factor of 5 and c.
5
Let z = -576 - -605. Let f be (-16)/(-2) - (-232)/z. What is the greatest common factor of f and 176?
16
Let n(j) = j**2 - 54*j - 13. Let c be n(55). Calculate the highest common divisor of c and 168.
42
Suppose 19*m - 12162 = 492. Let g be 2*554/15 + 28/210. What is the highest common factor of g and m?
74
Let m = 18613 + -18096. Calculate the greatest common factor of 121 and m.
11
Suppose -2*n + 2417 = 471. What is the highest common divisor of n and 2363?
139
Suppose 15*n - 27 = 3. Suppose -19*d + 21*d - 4*u - 44 = 0, n*d - 44 = 5*u. Calculate the highest common factor of d and 44.
22
Let o(p) = -p**2 - 53*p - 213. Let b be o(-34). Suppose -6*q + 1723 = b. What is the highest common divisor of q and 10?
5
Let z be 6/8*(-234)/54*(-6 - 6). Calculate the greatest common factor of 1157 and z.
13
Let t = 14 + 41. Let a = -211981 + 212476. Calculate the highest common divisor of a and t.
55
Let x = -17 - -30. Let z(j) = -j**3 - 8*j**2 - 7*j + 2. Let w be z(-7). Let n be 1/w*(x + -7). What is the greatest common divisor of 27 and n?
3
Let s = 7368 + 1232. Suppose 31*c = 39*c - s. Calculate the greatest common factor of 43 and c.
43
Let r = 11700 - 11574. Calculate the highest common factor of 3318 and r.
42
Let k be 0 + 1 - 165*-1. Let d = k - 126. Suppose -h - 1400 = -8*p + 3*p, 0 = 2*h. Calculate the highest common factor of d and p.
40
Let i(o) = o**3 - o**2 + o + 2. Let n be i(2). Let c be (36/60)/((-1)/5) + 3. Suppose 4*a + 45 - 93 = c. What is the greatest common divisor of n and a?
4
Suppose -95 + 1202 = 9*h - 6*h. Let g(o) = 0*o - 9 - 4*o - 4*o + 3*o. Let p be g(-10). Calculate the highest common factor of h and p.
41
Let b(u) = 3*u**3 - 7*u**2 + 4*u - 74. Let t be b(7). Suppose g - 3 + 1 = 0, -2*g = 4*y - 36. What is the highest common factor of t and y?
8
Let a be (1 + -3)/1 - -475*(-220)/(-4180). Suppose 3*f - 2003 = j, -6 = 2*j - 2. Calculate the highest common divisor of f and a.
23
Suppose 2 = n - 8*b - 30, -2*n + 38 = -3*b. What is the highest common divisor of 568 and n?
8
Suppose 705 = -6*m + 5769. Suppose -2*i + u + 416 = 0, -3*i + m = i + 4*u. Calculate the greatest common divisor of i and 22.
11
Let r = 25200 + -23440. What is the greatest common factor of r and 2080?
160
Let v = -66 - -71. Suppose -n + 4*n - 48 = v*p, -3*p + n = 32. Let t(y) = y**2 + 13*y + 14. Let u be t(p). Calculate the greatest common divisor of 22 and u.
2
Let l = -717 + 845. Calculate the highest common factor of 1184 and l.
32
Let i be 5/(-10)*2*(0 - 75). Suppose l + i = 5*g, -2*g + 7*g - 55 = -3*l. Calculate the highest common factor of g and 3.
1
Suppose -3*v - 5*i + 130 = -4*i, -5*v + 230 = 5*i. Let y(w) = -w**3 + 48*w**2 - 117*w + 3556. Let n be y(47). Calculate the greatest common factor of n and v.
14
Suppose 0 = y - 0*y - 4. Suppose 2*v + y*v = 90. Let n(m) = m**3 + 10*m**2 + 9*m + 4. Let p be n(-8). Calculate the greatest common divisor of p and v.
15
Suppose -4*c + 264 = 2*p, -p - 276 = -c - 3*c. Calculate the greatest common factor of 2329 and c.
17
Suppose -14875 = -12*c - 14287. What is the highest common divisor of 518 and c?
7
Suppose 57*k + 98400 = 97*k. Calculate the greatest common factor of k and 80.
20
Let m(c) = -4*c + 353. Let p(t) = 3*t - 233. Let q(v) = 5*m(v) + 7*p(v). Let o be q(18). Calculate the highest common factor of o and 95.
19
Let t be (28/42)/((-4)/(-42)). Suppose -p = -r - 304, 4*p + 19*r - 24*r - 1219 = 0. What is the highest common factor of t and p?
7
Let x(c) = 5*c**2 + 35*c - 11. Let h be x(5). Let v = h - 244. What is the highest common divisor of 285 and v?
15
Suppose -j = 4*a - 1134, 5766 = 36*j - 31*j + 4*a. Calculate the greatest common factor of j and 24.
6
Let m = -2766 - -2775. Calculate the highest common factor of 711 and m.
9
Suppose -12*n + 810 + 929 + 277 = 0. Calculate the greatest common factor of 189 and n.
21
Let t = -245 - -241. Let g(u) = -3*u**3 - 18*u**2 - 32*u + 1. Let r be g(t). Calculate the greatest common factor of 27 and r.
3
Suppose 0 = -9*f - 12*f + 8064. Let d be (0 + 4/(-6))/(20/(-720)). What is the greatest common divisor of d and f?
24
Suppose 38*o - 3584 = o + 9*o. Calculate the highest common factor of 20 and o.
4
Let z be ((-1320)/70)/((-15)/910). Calculate the greatest common factor of z and 16.
8
Let f(a) = -16*a + 164. Let s be f(-14). Suppose -5*r + 55 = 30, 4*r + s = 4*g. Calculate the highest common factor of g and 12.
6
Let g(d) = 8*d**2 + 75*d - 338. Let m be g(4). Calculate the highest common divisor of 6120 and m.
90
Let l(w) = w**2 - 4*w. Let i be l(2). Let p(x) = -2*x - 8. Let r be p(i). Let m = r - -1. Calculate the greatest common factor of 3 and m.
1
Let h(i) = 2*i**3 + 15*i**2 - 3*i - 20. Let o be h(-6). Let x = o + -31. Suppose -2*a = -29 - 1. Calculate the highest common divisor of a and x.
15
Suppose 2340 = 4*s + 4*v, 4*s - 5*s + 575 = -v. Calculate the highest common factor of 5 and s.
5
Suppose 2*o = 5*h + 505, -34*h + 10 = -36*h. Calculate the highest common divisor of 1416 and o.
24
Let q be 236/(-8)*(1 - 3)*1. Suppose -o - 113 = -5*k, 2*k - 4*o - o - q = 0. What is the highest common divisor of k and 143?
11
Let y(q) = 4*q + 8. Suppose -13*c + 18*c = 40. Let l be y(c). What is the greatest common factor of 32 and l?
8
Let x = 546 - 1126. Let z be (-2 - (-30)/12)*-1682. Let y = x - z. Calculate the highest common divisor of 29 and y.
29
Suppose 2*q + 27 = 3*o, 4*o - 79 + 65 = 10*q. Calculate the highest common factor of 143 and o.
11
Let s = -346 + 746. Let g = -121 + s. Calculate the greatest common divisor of g and 9.
9
Let a(p) = p**2 - 15*p + 14. Let c be a(14). Let k be 25 - 1 - c/1*1. Suppose -3*f + 81 - k = 0. Calculate the greatest common factor of 38 and f.
19
Let v(z) be the third derivative of z**6/120 + z**5/10 + 11*z**4/24 + 7*z**3/3 - 3*z**2 + 10*z. Let y be v(-4). What is the highest common factor of y and 38?
2
Suppose o - 3*g = 66, 0 = 5*o - 43*g + 45*g - 194. Let s(k) = 25*k**3 - 4*k**2 + 2*k + 1. Let y be s(2). Calculate the highest common divisor of y and o.
21
Suppose -2149 = -56*r + 7595. What is the highest common factor of r and 16414?
58
Suppose 3*a = 2*n - 3*n - 1, -a + 29 = 3*n. Let w(c) = -5*c - 5. Let s be w(5). Let u = 63 + s. Calculate the highest common divisor of u and n.
11
Suppose 2546 = 2*g + 5*a, 1292*g + 5*a = 1296*g - 5002. Calculate the highest common factor of 119 and g.
17
Suppose -4*m + 480 = -0*m. Suppose 21*k - 80*k + 177 = 0. Suppose -4*c - 3*i + 4*i + 93 = 0, -i = -k*c + 69. What is the highest common factor of m and c?
24
Let v(w) = 892 + 897 - 1784 + 3*w. Let g be v(1). Let c(s) = 41*s**2 - 1. Let i be c(-1). What is the highest common factor of g and i?
8
Let i(g) = -g. Let k be i(-3). Suppose -2*c = k*c - 3*w + 366, 0 = 5*w - 10. Let o be c/(-8)*(-4)/(-2). What is the highest common divisor of 198 and o?
18
Suppose 1070 + 745 = 121*a. What is the highest common divisor of a and 515?
5
Let m be ((-345)/30 + 15)/(1/(-2)) - -32. Calculate the highest common factor of 81 and m.
1
Suppose 3*c + 4703 + 5431 = 2*n, n = -3*c + 5049. Calculate the greatest common divisor of n and 126.
21
Let o = 595 + -504. Calculate the greatest common factor of 65 and o.
13
Suppose 6*z = 24 - 12. Let b be (-950)/(-80) - z/(-16). Calculate the greatest common factor of b and 66.
6
Let o be ((-1)/(-3))/(9/486*-6). Let u be 395*o*21/(-45) + 5. What is the greatest common divisor of 18 and u?
18
Let i = 139 + -133. Suppose 1666 = y + i*y. Calculate the greatest common factor of y and 14.
14
Suppose 5*h = 15, -x + 4 = 2*h - 1. Let z be (-6 + 2 - -2)/x. Let w = -65 - -83. Calculate the highest common divisor of z and w.
2
Let w(s) = -1712*s - 344. Let d be w(-7). What is the highest common divisor of d and 120?
120
Suppose -9*n - 289 - 3239 = 0. Let s = -292 - n. What is the highest common divisor of 40 and s?
20
Let f(a) = a**3 - 5*a**2 - 55*a - 23. Let o be f(11). Calculate the highest common divisor of 56 and o.
14
Let y(v) = -261*v - 964. Let a be y(-12). What is the greatest common divisor of 4 and a?
4
Suppose 